 by 97?
95
Let s(j) = j**3 - 24*j**2 - 7*j + 257. What is the remainder when 795 is divided by s(24)?
83
Suppose -4*p - 56 = x, 58*x + 5*p + 175 = 55*x. Let c = x - -112. What is the remainder when c is divided by 25?
2
Suppose 2*h = 91 + 117. Let i be (6/4)/(39/h). Suppose a + i*f - 27 - 12 = 0, 2*a - 4*f = 42. What is the remainder when a is divided by 10?
7
Let x be (-237)/((-2)/(-3) + (-23)/(-69)). Let k = x - -282. Calculate the remainder when 139 is divided by k.
4
Let s(g) = -261*g - 1966. Calculate the remainder when s(-8) is divided by 31.
29
Let w be ((-20)/2)/(6/198). Let s = w + 353. What is the remainder when 66 is divided by s?
20
Let m(z) = 3*z + 111. Let f be m(-11). Calculate the remainder when f*-9*4/(-54) is divided by 13.
0
Suppose -686 = 20*u - 27*u. Calculate the remainder when u is divided by 4.
2
Suppose -257 = -5*h - 1687. Let q = -122 - h. What is the remainder when q is divided by 56?
52
Let d(v) = -2*v**3 + 23*v**2 + 9*v + 51. Calculate the remainder when 1693 is divided by d(12).
13
Suppose -p = 3*p + 12, 15 = 3*s - 2*p. Let l = 4 + s. What is the remainder when l is divided by (9/1 - 2) + (82 - 84)?
2
Suppose -79*h + 19636 + 38192 = 0. What is the remainder when h is divided by 3?
0
Suppose 4*j - 95 - 125 = 0. Let c be (0 - 2)/(27/(-108)). Let r(w) = w**2 - 3*w - 25. Calculate the remainder when j is divided by r(c).
10
Let p = -114 + 185. Calculate the remainder when p is divided by 3 + -1 + (-315)/(-7) + -9.
33
Suppose 4*y = w + 10640, y = -5*w + 2395 + 307. What is the remainder when y is divided by 380?
2
Let g be ((-1064)/(-57) + -18)/(1/36). Suppose -g*w = 34*w - 5336. Suppose -4*r - 5*c = -99, 5*r - 2*c + 38 = 203. What is the remainder when w is divided by r?
30
Suppose -l + 46 = -o, 0 = -2*l - 0*l - 7*o + 101. Let j = -38 + 177. Suppose 0 = f - 2*f + j. What is the remainder when f is divided by l?
45
Let b be 146/(-16) - (-2)/16. Calculate the remainder when (-419)/b + (-4)/(-9) is divided by 18.
11
Let r = 15 - 8. Calculate the remainder when 1*((-21)/(-12))/((-8)/(-64)) is divided by r.
0
Suppose -21*c + 34 + 29 = 0. Suppose 3*j = -c*t + 12, 5*t + 74 = 4*j + 31. What is the remainder when 30 is divided by j?
2
What is the remainder when (1 + -3)*(-386)/4 is divided by (0 + (-52)/(-16))/(18 + 4667/(-260))?
63
Let x = -49 + 62. Suppose -c - x + 34 = 0. What is the remainder when c is divided by 17?
4
Let s(q) be the first derivative of q**4/4 + 22*q**3/3 + 11*q**2 + 27*q + 1. Calculate the remainder when 16 is divided by s(-21).
4
Let b be 1 - ((-30)/6 - -5). Suppose 0 = 3*z - 398 + 110. Calculate the remainder when z is divided by 27*b - (13 - 12).
18
Suppose -18*r + u - 22876 = -21*r, 0 = -4*r + 3*u + 30484. What is the remainder when r is divided by 263?
260
Let a(r) = 3*r + 2. Calculate the remainder when (-2 + 4 - 53)/(1 + -2) is divided by a(7).
5
Let v = 40 - 38. Let u be (0/(-1))/((0 + v)/1). Suppose u = -2*m + 2*t + t + 27, 3*m + 4*t = -2. What is the remainder when 17 is divided by m?
5
Let t be -65*195/27 + (-4)/(-9). Let p = 605 + t. Calculate the remainder when p is divided by 20.
16
Let v be (-31324)/(-10) - 10/25. Suppose 0 = -11*g + 29*g - v. What is the remainder when g is divided by 16?
14
Let d = 33 + -52. Let h = 45 + d. Suppose 15 = -r + 21. What is the remainder when h is divided by r?
2
Let n = 10 + 4. Let s be ((-74)/(-6))/(7/483 + 0). Suppose 15*y + 236 = s. Calculate the remainder when y is divided by n.
13
Suppose 0 = -17*t + 6503 - 65255. What is the remainder when 212 is divided by (3*1)/(t/387 + 9)?
40
Suppose 62*c + 3380 = 66*c. Suppose 843*j - c*j = -310. Calculate the remainder when j is divided by 35.
15
Let p(v) = 3*v**2 - 57*v + 281. What is the remainder when (1630/30)/((-1)/(-6)) is divided by p(6)?
44
Let w be 9/(-6) - (-4081)/14. Let x = w + 64. Suppose -3*b - 3*s + x = -6*s, -s = b - 120. What is the remainder when b is divided by 15?
14
Suppose 12 = 15*t - 11*t, 2*a - 568 = -2*t. Let n = a + -235. What is the remainder when n is divided by 18?
10
Let v = -162 - -159. Calculate the remainder when 37 is divided by -5 + 4/v*-12.
4
Let f(d) = d**3 + 7*d**2 + 9*d + 16. What is the remainder when 196 is divided by f(-3)?
21
Suppose 9*p + 428 = 50. Calculate the remainder when 74 is divided by (-2282)/p - (-1)/(-3).
20
Let h(l) = 3*l + 86. Let c be h(-26). Suppose -3*m + 50 = 5*a, 0 = 3*m - 5*m + 3*a + c. Calculate the remainder when 85 is divided by m.
5
What is the remainder when 18 + 14 + (-1*2 - -5) is divided by -3 + -2 - 90/(-6)?
5
Suppose -l = 4*n - 11010, -51*n + 2*l + 11028 = -47*n. Calculate the remainder when n is divided by 211.
11
Calculate the remainder when 343 is divided by 500/150*(2 + (0 - -1)).
3
Suppose -148*z + 35878 = -84594. Calculate the remainder when 2452 is divided by z.
10
Let j = 281 + -105. Suppose -j - 64 = -4*n. Suppose -8*d + 3*d = -n. What is the remainder when 35 is divided by d?
11
Suppose -35*g + 212 = -32*g - 2*v, 4*v = -3*g + 188. Calculate the remainder when g is divided by 18.
14
Let w = -4342 - -4382. Suppose 5*o - 9 = c, 2*o - 3*o = -4*c + 2. What is the remainder when w is divided by (-2 - 0)/o + 12?
7
Let v = -9807 + 9902. What is the remainder when v is divided by 21?
11
Let p(f) = 2*f + 46. Let q be p(-22). Let y be ((2 - q) + 15)*314/(-6). What is the remainder when 3*y/(-105) + 9/(-21) is divided by 6?
4
Let v be (-2)/(7/567*-6). What is the remainder when 25 is divided by 488/v - 14/189?
7
Calculate the remainder when ((5 - -154) + 2)/(1/3) is divided by 57.
27
Suppose 14 + 4 = 5*l + 4*x, -2*x = 5*l - 24. Suppose 0 = 2*f - p - 2, -4*p + 8*p - l = f. What is the remainder when 20 is divided by (-4)/f - (6 - 18) - -3?
7
Suppose 2*f = 5*o - 64 - 218, 0 = 2*o - 3*f - 126. Let a(n) = 80*n**2 - n + 2. What is the remainder when a(2) is divided by o?
50
Suppose -318 = -7*v + 319. Suppose -v*s = -24*s - 3216. Calculate the remainder when 60 is divided by s.
12
Suppose 10*n = 6*n + 24. Let g be ((-8)/n)/(32/2832). Let r = g - -193. Calculate the remainder when r is divided by 19.
18
Let f = -622 - -845. Calculate the remainder when 710 is divided by f.
41
Suppose 454 = z + 2*i, 0 = -2*z - 707*i + 709*i + 944. What is the remainder when z is divided by 222?
22
Calculate the remainder when 375/20 - (-10)/8 is divided by 174/18 - 6 - (-2)/(-3).
2
Suppose 3*p - 16373 = -2*a, -4*p = 3*a - a - 21830. Calculate the remainder when p is divided by 84.
81
Let p(j) = 4*j**2 - 4*j - 13. Let w be p(-6). Let i = w + -68. Let g = 103 - i. Calculate the remainder when g is divided by 9.
7
Suppose -3*q - 5*w + 3*w = -22, 3*w = 6. Suppose q*f = 724 + 86. What is the remainder when f is divided by 63?
9
Suppose -2*n + 1032 = -4*n + b, -n - 5*b - 538 = 0. Let d = n - -537. What is the remainder when 625 is divided by d?
17
Let x = -7 - -9. Suppose -v + 6*m = 3*m - 13, -x*v + m = -21. Let d(a) = 3*a**2 + 17*a + 1. What is the remainder when d(-7) is divided by v?
9
Suppose -7*t = 95 - 704. Suppose 0 = -3*o + 3*j + t, -5*o - 3*j = -4*o - 49. Suppose 4*n - o = 10. Calculate the remainder when n is divided by 7.
4
Suppose -20 = -3*m + 34. Suppose -m = 10*c - 16*c. Suppose 66*l - c = 65*l. Calculate the remainder when 13 is divided by l.
1
Let x(j) = -4*j - 43. Let l(o) = -2*o**2 + 59*o + 38. What is the remainder when x(-14) is divided by l(30)?
5
Suppose 5*n - j = 375, 5*n - 280 = 13*j + 95. What is the remainder when 308 is divided by n?
8
Let o(j) = -j**3 - 5*j**2 + 3*j + 167. Calculate the remainder when o(0) is divided by 30.
17
Calculate the remainder when 49 is divided by (-108)/48*(5 + -9).
4
Suppose -4*k = -3*i - 256 + 21, 90 = 2*k + 4*i. Let u(b) = 9*b + 118. Suppose 10*g = 12*g + 22. What is the remainder when k is divided by u(g)?
17
Suppose 2*t = 4*t + 26. Let d(s) = 3*s + 44. Let b be d(t). Suppose 4*x + 147 = b*f, 0 - 2 = -x. Calculate the remainder when 120 is divided by f.
27
Suppose -15*i = 3125 - 3440. Let z be (-3)/(-15) - (-588)/(-15). Let s = 80 + z. What is the remainder when s is divided by i?
20
Calculate the remainder when -8 - 27/(-189)*3227 is divided by 423.
30
Let z(n) = 13*n + 90. Suppose 28*k - 3*q - 5 = 32*k, 2*k - q + 15 = 0. Calculate the remainder when 472 is divided by z(k).
22
Let m(a) = -538*a - 5372. Calculat